ivative of t**5/20 - 11*t**4/12 + t**3/6 - t**2 + t - 10. Suppose 78 - 23 = 5*n. What is the units digit of l(n)?
9
Let d(q) = q - 3. Let j be d(-10). Let x(w) be the second derivative of -w**4/12 - 3*w**3 - 5*w**2/2 - 4*w. What is the units digit of x(j)?
0
Let f be 4*1 + 44/(-22). Suppose 10*w = f*w + 736. What is the tens digit of w?
9
Suppose -3609 = -3*v - 3*k, 17*v + 5*k = 15*v + 2403. What is the units digit of v?
4
What is the thousands digit of 6/1 + (-42)/(-6) + 2342?
2
Suppose 8 = -2*k + 2*g - 10, -5*g = k + 9. Suppose n - 2 - 1 = 0. Let s = n - k. What is the tens digit of s?
1
Let o(p) = p**2 - 6*p - 8. Let g be o(8). Let k(b) = 12*b + 23. What is the units digit of k(g)?
9
Let a(o) be the first derivative of -o**4/4 - o**2/2 - 2*o - 14. Let m(l) = -l**2 - 4*l - 2. Let v be m(-4). What is the units digit of a(v)?
8
Suppose -8*m + 32 = -6*m. Let c be (m/12)/((-12)/(-27)). Suppose -46 = 2*i - c*i. What is the tens digit of i?
4
Let t(n) = -3*n - 10. Let k = 1 - -4. Suppose 2*l - 24 = k*l. What is the tens digit of t(l)?
1
Let c = 540 - -4769. What is the thousands digit of c?
5
Let o(j) = 14*j**2 - 4*j + 3. Let v be o(4). Suppose -5*g + v + 224 = 0. What is the tens digit of g?
8
Let h = 35 - 17. Let w = 42 - h. What is the tens digit of w?
2
Let j be (-2)/2 + -7 + 6. What is the tens digit of (3/j)/(15/(-110))?
1
Suppose 1296 = 3*o - 37*c + 42*c, -3*o = -c - 1314. What is the hundreds digit of o?
4
Let t = 4 + 6. Suppose 8*b + t = 13*b. What is the units digit of (3/6 - b)*-2?
3
Let f(i) = -i**2 + 12*i - 9. Let u be f(5). What is the units digit of (-2 + u)*10/3?
0
Suppose -5*t = 18*t - 91655. What is the hundreds digit of t?
9
Let q be 900/(-35) + 4/(-14). Suppose r - 32 + 13 = 0. Let y = r - q. What is the tens digit of y?
4
Let p(l) = 53*l - 16. Let q be p(7). Let f = q - 176. Suppose -5*x + 4*c + 297 = 0, -3*x = c - 3*c - f. What is the tens digit of x?
6
Let m = 3700 + -1708. What is the units digit of m?
2
Let h = -68 - -148. What is the units digit of h?
0
Let s be (0 + -2)/(10/225). What is the tens digit of 20/3*s/(-10)?
3
Suppose 6*h + 18 + 6 = 0. Let l(t) be the third derivative of t**5/15 - t**4/6 - 3*t**3/2 - 5*t**2. What is the units digit of l(h)?
1
Let i(x) = -x**2 - 10*x - 21. Let f be i(-7). Suppose -5*d + 2*r + 90 = -235, f = -5*d - 5*r + 325. What is the units digit of d?
5
Let z(g) = -g**3 - 8*g**2 - 8*g - 9. Let s be z(-6). Let y = 79 + s. What is the units digit of y?
6
Let v(m) be the second derivative of m**4/12 - m**3/6 - 6*m**2 + 5*m. What is the units digit of v(6)?
8
Suppose 431 - 336 = 5*n. What is the tens digit of n?
1
Suppose -18 = 4*j - 5*j. Let t = j - 18. Let q = 6 + t. What is the units digit of q?
6
Let v(y) = y + 42. Suppose -4*t - 42 = 3*w, 9*w - 4*w - 4*t + 38 = 0. What is the tens digit of v(w)?
3
Let w = 3644 - 2058. What is the units digit of w?
6
Suppose 9*g - 25144 = -19*g. What is the hundreds digit of g?
8
Suppose 2*j + 30 = -3*j. Let i = j - 1. Let w = i - -13. What is the units digit of w?
6
Let z(p) = p**2. Let o(y) = -41*y + 13. Let a(d) = o(d) - 2*z(d). What is the units digit of a(-19)?
0
Suppose -8 = -4*y - 0. What is the units digit of ((-4)/y)/(6/(-399))?
3
Let t(z) = z + 6. Let y be t(6). Suppose 3*m - 6*m = -y. Suppose 0 = -m*c + 6*c + 2*d - 68, -56 = -2*c + d. What is the tens digit of c?
3
Let m be -7 - -8 - 8*6. Let c = 65 + m. What is the units digit of c?
8
Suppose 5*q = -x + 137, -q = 2*x - 4*x - 23. Let j = -57 + 47. Let p = j + q. What is the units digit of p?
7
Let c(z) = z - 4. Suppose -2*n + 12 = g, -n + 36 = 4*g + 3*n. Let p be c(g). Suppose 2*k - p*o + 3*o - 44 = 0, -o = 4. What is the units digit of k?
4
Suppose 5*h + 129 = 8*h. Suppose 0 = 4*s - 29 - h. What is the tens digit of s?
1
Suppose -2*q + 16 = -22. Suppose 14*y = q*y - 300. What is the units digit of y?
0
Suppose -6*i - 33*c = -32*c - 29279, -c = 4*i - 19521. What is the units digit of i?
9
Suppose 7 = -3*s + 22. Suppose 4*k + s*x - 314 = 0, -3*k - 2*x + 224 = -4*x. What is the units digit of k?
6
Let q be -1*(1 + 0)*0. Suppose -w - 5 + 9 = q. Suppose -3*l = w*o + o - 173, -2 = -2*l. What is the tens digit of o?
3
Suppose -2*r - 3 = -3*o - 11, 0 = 4*r - 3*o - 4. Let s be -3*(r + 3) + 3. What is the tens digit of 19 + 1/(-4)*s?
1
Suppose 14580 = 39*w - 9*w. What is the units digit of w?
6
Let l = 214 - 55. What is the tens digit of l?
5
Let z(g) = 10 - 6 - g + g**2 + 0*g. Let m(c) = c**3 + 3*c**2 + c - 1. Let u be m(-3). What is the tens digit of z(u)?
2
Let p = 75 - -181. Suppose 2*m = 4*b + 4*m - p, 0 = -4*b + m + 262. What is the units digit of b?
5
Suppose 5*n + 75 = 395. Let x = -17 + -2. Let d = x + n. What is the units digit of d?
5
Let v = 916 - -604. What is the thousands digit of v?
1
Suppose -475 = -4*x - p, 255 = 2*x + p - 4*p. Suppose x = -0*g + 2*g. Let r = -43 + g. What is the tens digit of r?
1
Suppose 4*c = 10*c - 30. Suppose 3*a - 280 = -c*v, -3*a - 3*v - v + 278 = 0. What is the tens digit of a?
9
Let n(i) = i**3 - 4*i**2 - 12*i + 10. Let o be n(9). Suppose -5*w = -2*w + b - o, 0 = -3*b + 12. What is the hundreds digit of w?
1
Suppose 6*q = 3*q + 9, 2*g + 3*q - 5881 = 0. What is the units digit of g?
6
What is the tens digit of (70/20)/(-2 + 298/148)?
5
Let h = 57 - 81. Let g = h - -63. Let k = -20 + g. What is the units digit of k?
9
Let p(h) = -29*h + 171. What is the hundreds digit of p(-7)?
3
Let p = -162 + 616. What is the hundreds digit of p?
4
Let z(w) = -w + 5. Let i be z(-3). Let a = i + 6. What is the tens digit of a?
1
Let p = -212 + 903. What is the tens digit of p?
9
Let x = 6691 + -3977. What is the hundreds digit of x?
7
Let c = 1066 - 611. What is the units digit of c?
5
What is the tens digit of ((-3)/(-6))/(2/184)?
4
Let x = 1818 + 234. What is the tens digit of x?
5
Let t(n) = 2*n - 1 - 3*n - 5 - 2. Let x be t(-11). Suppose -f + 2 - 12 = -4*b, 5*f - 19 = -x*b. What is the units digit of b?
3
Suppose -15025 = 14*n - 39*n. What is the tens digit of n?
0
Suppose 2*o + 59*y - 63*y - 1984 = 0, 0 = 4*y - 8. What is the tens digit of o?
9
Suppose 0 = -2*s + 30 + 30. What is the hundreds digit of -2*(-2949)/s - 20/(-50)?
1
Let r = 19 - 23. Let s = r + 11. What is the units digit of s?
7
Suppose 0 = x - 2*x - 774. Let y be (-16)/(-88) - x/(-22). Let g = 64 + y. What is the units digit of g?
9
Let m(t) = -t. Suppose 3*z - 11 = -2. Suppose -x - 24 = z*x. What is the units digit of m(x)?
6
Let w = 385 + 192. What is the units digit of w?
7
Let g(s) = -17*s - 96. Let o be g(-6). Let a(n) = 4*n + 2. Let c be a(5). Let f = c - o. What is the units digit of f?
6
Let z(c) = -278*c + 117. What is the tens digit of z(-3)?
5
Suppose -12*b + 4272 = -960. What is the units digit of b?
6
Suppose 46*f + 41634 = 73*f. What is the thousands digit of f?
1
Let p = 27 - 36. Let i(q) = -6*q + 14. What is the tens digit of i(p)?
6
Let v(c) = -8*c**3 - 6*c**3 + 0*c - 2*c + 7 + 12*c**3 - 5*c**2. What is the tens digit of v(-4)?
6
Let y = -1 + -24. Let i = 33 + y. What is the units digit of i?
8
Let w(f) = 3*f. Let c be w(-3). Let g be 18/(-81) - 1388/c. What is the tens digit of (-6)/12 - g/(-4)?
3
Suppose u - 257 = -2*u + 4*w, 2*w + 419 = 5*u. Let f = u - 58. Suppose -s - 4*l + 0 + 10 = 0, l + f = s. What is the units digit of s?
2
Let c(n) = 3*n - 6. Suppose -x = 2*u - 30, 2*u - x - 4*x - 18 = 0. Let r be (-6)/u + 135/21. What is the tens digit of c(r)?
1
Let h(s) = -s**2 + 5*s + 9. Let j be h(6). Suppose 3*l - 5*y + 10 = 0, 7 = -j*l + y + 17. What is the units digit of -1 + l/(10/48)?
3
Suppose g + 11*l - 233 = 9*l, 3 = l. What is the hundreds digit of g?
2
Let y(i) = -134*i - 79. What is the tens digit of y(-7)?
5
Let d(z) = z**2 - 16*z + 29. Let s be d(14). Suppose -2*a + f + 115 = 0, 0 = -f - s + 2. What is the units digit of a?
8
Suppose 3*t + d = 105, 18 = -4*t + 3*d + 145. What is the tens digit of t?
3
Let k(f) = f**3 - 31*f**2 + 40*f - 49. What is the thousands digit of k(34)?
4
Let j = 18 - -420. What is the tens digit of j?
3
Suppose 4*b + 21 = b. Let g(f) = f**2 + 5*f + 2. Let w be g(-4). What is the units digit of (-14)/(w/(-3 - b))?
8
Let c(i) = -i - 20*i**3 - 30*i**3 + i. What is the units digit of c(-1)?
0
Let o = 37 - 2. Suppose -60 = -11*i + 6*i. What is the units digit 